is the ten millions digit of 23729041?
2
What is the tens digit of 214202445?
4
What is the billions digit of 2216392032?
2
What is the ten thousands digit of 6345090220?
9
What is the tens digit of 533563889?
8
What is the tens digit of 69437901?
0
What is the tens digit of 381406402?
0
What is the tens digit of 242358404?
0
What is the millions digit of 29195339?
9
What is the hundred millions digit of 432637585?
4
What is the hundreds digit of 507291104?
1
What is the ten millions digit of 56099203?
5
What is the millions digit of 4970004?
4
What is the ten millions digit of 48430201?
4
What is the ten millions digit of 101121475?
0
What is the tens digit of 390125806?
0
What is the units digit of 365858665?
5
What is the tens digit of 243241904?
0
What is the units digit of 85110504?
4
What is the ten thousands digit of 58546053?
4
What is the tens digit of 1982969292?
9
What is the hundred millions digit of 162631332?
1
What is the hundred millions digit of 127046463?
1
What is the hundred thousands digit of 357939871?
9
What is the millions digit of 106973212?
6
What is the hundreds digit of 679723972?
9
What is the ten millions digit of 4563801959?
6
What is the millions digit of 3674565444?
4
What is the thousands digit of 671853796?
3
What is the ten thousands digit of 229593839?
9
What is the hundred thousands digit of 29065498?
0
What is the hundred millions digit of 571456410?
5
What is the ten thousands digit of 114787285?
8
What is the thousands digit of 1711715529?
5
What is the ten millions digit of 90222569?
9
What is the tens digit of 25363958?
5
What is the units digit of 3786689516?
6
What is the millions digit of 89392237?
9
What is the ten thousands digit of 352514179?
1
What is the hundreds digit of 221401249?
2
What is the hundreds digit of 2131913925?
9
What is the ten millions digit of 268375908?
6
What is the thousands digit of 7820012?
0
What is the millions digit of 3076834164?
6
What is the ten thousands digit of 4523988686?
8
What is the hundred thousands digit of 68360604?
3
What is the ten millions digit of 34091625?
3
What is the hundreds digit of 15311207?
2
What is the hundred thousands digit of 174677554?
6
What is the ten thousands digit of 30863266?
6
What is the hundred thousands digit of 2751200526?
2
What is the hundred millions digit of 138132794?
1
What is the ten millions digit of 110286015?
1
What is the ten thousands digit of 88288870?
8
What is the hundred thousands digit of 191527566?
5
What is the hundred millions digit of 139920159?
1
What is the hundreds digit of 1822308707?
7
What is the tens digit of 49640246?
4
What is the units digit of 642225051?
1
What is the millions digit of 28600675?
8
What is the hundred thousands digit of 451673241?
6
What is the ten millions digit of 336970953?
3
What is the hundreds digit of 72126630?
6
What is the hundred thousands digit of 7379535228?
5
What is the thousands digit of 807627030?
7
What is the hundred thousands digit of 153672015?
6
What is the hundred millions digit of 1033098962?
0
What is the units digit of 260671117?
7
What is the tens digit of 589439259?
5
What is the hundred millions digit of 349817643?
3
What is the ten millions digit of 55126728?
5
What is the tens digit of 52756586?
8
What is the thousands digit of 3300125?
0
What is the billions digit of 1175595436?
1
What is the units digit of 28407418?
8
What is the millions digit of 1182624049?
2
What is the millions digit of 3453696931?
3
What is the tens digit of 395019550?
5
What is the millions digit of 1041938473?
1
What is the hundred thousands digit of 1378590607?
5
What is the hundreds digit of 134174734?
7
What is the units digit of 3667416356?
6
What is the ten thousands digit of 321293225?
9
What is the units digit of 7586335342?
2
What is the tens digit of 61419533?
3
What is the ten millions digit of 4102932935?
0
What is the thousands digit of 38925066?
5
What is the ten millions digit of 162843799?
6
What is the units digit of 285604273?
3
What is the ten thousands digit of 2408152459?
5
What is the hundred thousands digit of 5696486281?
4
What is the hundred thousands digit of 564160312?
1
What is the ten thousands digit of 1128407991?
0
What is the ten thousands digit of 596469401?
6
What is the ten millions digit of 260299383?
6
What is the ten thousands digit of 2679301?
7
What is the thousands digit of 605547792?
7
What is the ten millions digit of 854381511?
5
What is the ten thousands digit of 316215749?
1
What is the tens digit of 898465360?
6
What is the millions digit of 7471288?
7
What is the hundred millions digit of 265475489?
2
What is the hundreds digit of 114951665?
6
What is the hundred thousands digit of 3247542438?
5
What is the millions digit of 102089687?
2
What is the thousands digit of 4310842767?
2
What is the ten millions digit of 5034871027?
3
What is the ten thousands digit of 628724079?
2
What is the tens digit of 82582441?
4
What is the thousands digit of 42607477?
7
What is the hundred millions digit of 4283935309?
2
What is the thousands digit of 4317580636?
0
What is the ten millions digit of 25687550?
2
What is the ten millions digit of 81171841?
8
What is the thousands digit of 314032698?
2
What is the hundred millions digit of 313381183?
3
What is the tens digit of 735855605?
0
What is the tens digit of 39602012?
1
What is the ten thousands digit of 1715387045?
8
What is the hundred thousands digit of 17038428?
0
What is the millions digit of 177480648?
7
What is the hundreds digit of 72356799?
7
What is the ten thousands digit of 446484439?
8
What is the hundreds digit of 27989077?
0
What is the ten thousands digit of 569177?
6
What is the tens digit of 17293152?
5
What is the hundred millions digit of 5380736178?
3
What is the ten thousands digit of 1009114059?
1
What is the ten millions digit of 1526143007?
2
What is the hundreds digit of 146190331?
3
What is the units digit of 1210274585?
5
What is the ten millions digit of 2407042574?
0
What is the millions digit of 40148430?
0
What is the hundred millions digit of 171237676?
1
What is the millions digit of 156165335?
6
What is the hundreds digit of 71235806?
8
What is the hundred thousands digit of 94004390?
0
What is the ten millions digit of 860259190?
6
What is the thousands digit of 4842939102?
9
What is the units digit of 124133470?
0
What is the units digit of 4543058020?
0
What is the tens digit of 2327504?
0
What is the units digit of 927450380?
0
What is the ten millions digit of 120106829?
2
What is the hundreds digit of 24076769?
7
What is the tens digit of 174299028?
2
What is the hundred millions digit of 401296998?
4
What is the ten thousands digit of 246216487?
1
What is the hundreds digit of 187530346?
3
What is the units digit of 53188438?
8
What is the thousands digit of 2629854461?
4
What is the billions digit of 2637181071?
2
What is the ten thousands digit of 51367078?
6
What is the hundred thousands digit of 1840124611?
1
What is the millions digit of 120265767?
0
What is the ten thousands digit of 411402127?
0
What is the ten thousands digit of 1070420038?
2
What is the thousands digit of 66239702?
9
What is the ten millions digit of 2218316299?
1
What is the billions digit of 1665460194?
1
What is the millions digit of 811631327?
1
What is the millions digit of 1394075874?
4
What is the tens digit of 146011481?
8
What is the hundred thousands digit of 1428526980?
5
What is the thousands digit of 1930262397?
2
What is the millions digit of 24584983?
4
What is the hundred thousands digit of 183180059?
1
What is the ten thousands digit of 599735623?
3
What is the hundreds digit of 126061193?
1
What is the hundreds digit of 621181433?
4
What is the tens digit of 43305778?
7
What is the units digit of 101260886?
6
What is the tens digit of 96749660?
6
What is the hundreds digit of 29647978?
9
What is the hundred thousands digit of 1126498722?
4
What is the ten millions digit of 2548901845?
4
What is the millions digit of 314011465?
4
What is the hundreds digit of 189356091?
0
What is the ten thousands digit of 528250648?
5
What is the units digit of 59918645?
5
What is the thousands digit of 39896024?
6
What is the thousands digit of 50625579?
5
What is t